(n) + 4*p(n). What is the tens digit of g(-5)?
1
Let d be (7/((-21)/(-2)))/(4/12). Suppose d*b - 3*r = 323, 4*b = -b - r + 850. What is the hundreds digit of b?
1
Suppose 2340 = 2*v + 4*c, -12*v + 14*v - 2340 = 3*c. What is the thousands digit of v?
1
Suppose -l = -5*o - 2396, -64*l = -67*l - 2*o + 7239. What is the units digit of l?
1
Let b be 5/(-2)*12/10*-2. What is the units digit of 1 + -1 + (b - -21)?
7
Let x(t) = -t + 10. Let k be 3/(-2)*68/(-17). Let m be x(k). Suppose -m*i + 125 = i. What is the units digit of i?
5
Let h(j) = j + 23. Let t be h(-15). Let z = t + 52. What is the units digit of z?
0
Suppose 3*n = 3*z + 21, -2*n = -4*z + z - 16. Suppose 0 = 3*a - 3*c - 108, -196 = -n*a - 5*c + 14. What is the units digit of a?
9
What is the tens digit of 1707/2 - 198/(-132)?
5
Let s = 3573 + -2199. What is the tens digit of s?
7
Let v(s) = -s**2 - 12*s + 5. Let h be v(-12). Let c = 13 - h. Let d = c + 4. What is the tens digit of d?
1
Suppose 57*z - 53*z = 0. What is the units digit of 321/3 - z - (-1 - 0)?
8
Suppose -4*l - 187 = -1587. What is the units digit of l?
0
What is the units digit of (1 + (-90)/(-4))*(11 - -213)?
4
Let b(x) be the first derivative of -7*x**2/2 + 4*x - 261. Suppose -3 = q - 0*q. What is the units digit of b(q)?
5
Let b(p) = p**2 - 17*p - 24. Let t be b(19). What is the units digit of 2/(t/63 + (-128)/603)?
1
Let p(c) = -c + 1. Let s be p(-2). Suppose 2*l + 8 = 0, -4*j + 3*j - 12 = s*l. Suppose -3*w - 2*w - f = -118, j = -w - 3*f + 32. What is the units digit of w?
3
Suppose f + 4*g - 10 = 0, 4*g + 0 = 8. What is the units digit of (-1 + f)/((-12)/(-1356))?
3
Suppose -6*v = -194 + 998. Let s = v + 246. What is the hundreds digit of s?
1
Let w = 110 + 658. What is the hundreds digit of w?
7
Let y be (-74)/(-8)*240/12. Suppose -d = 6*d - 28. Suppose -2*k = -d*s - k + y, -50 = -s + 4*k. What is the units digit of s?
6
Let g(c) = 56*c**2 + 95*c - 485. What is the units digit of g(5)?
0
Let o(y) = y**3 + y**2 - y + 46. Suppose 8 = -2*m + 2*w, 0*w - w = m - 4. What is the tens digit of o(m)?
4
Suppose 5*c - 4*z = c + 40, -c - 3*z = 10. Let k = 82 - -41. Suppose -2 = -c*t + k. What is the tens digit of t?
2
Suppose 21 = -f + 25. Suppose 0 = -b + 5, 256 = f*p + b - 89. What is the tens digit of p?
8
What is the hundreds digit of (-1)/((-15)/(-15) - (-262)/(-260))?
1
What is the tens digit of ((-6)/12)/(1/(-1478))?
3
Suppose 1948 = 4*c + 4*t, 2802 = 5*c - 3*t + 391. What is the units digit of c?
4
Let y(z) = -2*z**2 + 5*z + 3. Let t be y(3). Suppose t*j = -4*j + 420. What is the hundreds digit of j?
1
Let b = 110 + -11. Suppose -w = -b - 21. What is the tens digit of w?
2
Let w(n) = -157*n + 72. What is the tens digit of w(-9)?
8
Suppose -5*i - 211 = -1. Let x = 58 - i. What is the units digit of x?
0
Suppose 840 = -331*c + 338*c. What is the tens digit of c?
2
Let w(p) = 16*p - 5 + 15 + 4*p + p**2 - 11*p. Let v be 183/(-21) - (-4)/(-14). What is the tens digit of w(v)?
1
Suppose 9*f - 8 = 4*f + 3*g, -3*f + 5*g - 8 = 0. Suppose -532 = -2*m + 2*w, -8*m + 1054 = -f*m + w. What is the units digit of m?
4
What is the thousands digit of 323240/65 - (-5 - (-128)/26)?
4
Suppose j - 755 = -2*u - 218, 5*u = -j + 1341. What is the units digit of u?
8
Let u(m) = m**2 - 9*m - 12. Let p(q) = -q**2 + 9*q + 11. Let n(x) = 3*p(x) + 4*u(x). Let b be n(10). What is the tens digit of (1 - 2)/(b/225)?
4
Suppose l = -4*b + 1273, 4*l - 8*l - 12 = 0. What is the units digit of b?
9
Let x = -75 - -78. What is the tens digit of 1 - 1 - 13*-4 - x?
4
Suppose 4*o + 5 = 5*v, 35 = v + v + 5*o. Suppose -4*n - 27 = -x, -3*n - 89 = -v*x + 46. What is the tens digit of (x/18)/((-6)/(-40))?
1
Let t be (-562)/(-4)*(-4)/2. Let v = 502 + t. What is the units digit of v?
1
Let s(h) be the third derivative of 0*h + 0 + 5/24*h**4 - 5/6*h**3 - 4*h**2. What is the units digit of s(6)?
5
Let v = -1 - -1. Suppose -19*s + 17*s = v. Suppose 5*f - 7 = -5*k + 3, -5*f + 5*k + 20 = s. What is the units digit of f?
3
Let w = 13 + -8. Suppose -7*t - 8 + 29 = 0. Suppose -m + w*h + 47 = 0, -t*m + 56 = -h + 3*h. What is the tens digit of m?
2
Let q = 205 + -43. What is the units digit of q?
2
Let c(a) = -a - 6. Let x be c(-7). Let j = -1 + x. Suppose -4*d + j*d + 88 = 0. What is the tens digit of d?
2
Suppose -2*w = -4*t + 8, 2*t = 4*t + 5*w - 28. Suppose -t*l = -8*l + 176. What is the units digit of l?
4
Suppose -44*r + 35647 = -12445. What is the hundreds digit of r?
0
Suppose 215 = 3*f + 545. What is the tens digit of (-20)/f - 361/(-11)?
3
Let c = -16 + 23. Suppose 0 = 2*u + k - 3, 5*k = 2*u + 4 - 1. What is the tens digit of u + 18 + (-7)/c?
1
Let o(q) = q**2 + 9*q + 14. Let n = -33 - -23. What is the tens digit of o(n)?
2
Let d(g) = -2*g**3 - 6*g**2 - 7*g + 1. Let x(u) = -3*u**3 - 5*u**2 - 6*u. Let v(a) = -2*d(a) + 3*x(a). What is the units digit of v(-2)?
4
Let y = 4 + 2. Suppose 33 = 4*k - a, a + y = k - 0*a. Suppose k = 5*v - 51. What is the tens digit of v?
1
Let j(x) = -821*x - 7. What is the tens digit of j(-1)?
1
Suppose -6*z + 54 = -0. Suppose -z*x + 4*x = -4*i - 279, -59 = -x + 4*i. What is the tens digit of x?
5
Let k(d) be the second derivative of -d**3/3 - 3*d**2 + 5*d. Let x be k(6). Let v = x + 49. What is the units digit of v?
1
Let s(y) = -6*y**2 - 9*y. Let u be s(-2). Let a(l) = l**3 + 5*l**2 - 12*l + 8. What is the units digit of a(u)?
4
Let t be 2/(-8) + (-265)/(-20). Let k = t + -10. What is the units digit of 1 + 3 + k + 2?
9
What is the tens digit of 372608/(-160)*(14/(-4) - -1)?
2
Let o = -47 - -52. Suppose -3*s + 3*c - 22 = -169, 5*c = -o. What is the tens digit of s?
4
Suppose -9*d + 5*d + 7404 = 4*m, -3*d + 3*m = -5583. What is the thousands digit of d?
1
What is the tens digit of 7785/(6 - -3) + 6/2?
6
Suppose -3*m - 40 = 4*g + 179, 0 = -4*g - 5*m - 229. Let a = 66 + g. What is the units digit of a?
5
Suppose 0 = 7*s - 6915 - 1611. What is the units digit of s?
8
Let t(d) = 3*d**2 + 4*d + 2. Let s be t(-3). Let g = 16 + -7. Let a = s - g. What is the units digit of a?
8
Let w(j) = 8*j**3 - j**2 + 6*j - 4. Let a be w(4). Suppose u + a = 4*u. Suppose -6*c = -2*c - u. What is the units digit of c?
3
Let b = -10 + 14. Suppose -52 = -2*l - m, -124 = -5*l - b*m + 3*m. Suppose -v - v + l = 0. What is the tens digit of v?
1
Suppose d - 5 + 3 = 0. Suppose -3*x + d*f = f - 418, 4*x + 3*f = 566. Suppose -2*o - 4*z + 56 = 0, x = 5*o - 0*o + 5*z. What is the tens digit of o?
2
Let u be (-3)/(-2)*152/12. Let y(z) = z**2 - 3*z - 4. Let b be y(3). Let n = u + b. What is the tens digit of n?
1
Suppose -h + 2 = -6. Let r be 315*(-25)/(-15)*10/25. Suppose -h*c + r = -3*c. What is the units digit of c?
2
Let g = 25 - 22. Suppose -g*t + 7 = -2. Suppose t*o + 150 = 9*o. What is the units digit of o?
5
Suppose -3*x = -0*x - 9. Suppose -402 = -5*w + j, -x*w + 357 = -j + 115. What is the units digit of w?
0
Suppose 3919 = -41*n + 62713. What is the units digit of n?
4
Let p be ((-4)/3)/((-20)/30). Suppose 5*q = -2*m + 295, p*m = q + m - 52. What is the tens digit of q?
5
Suppose -2*t + 4*l = -0*l - 476, 2*l = 4*t - 958. What is the tens digit of t?
4
Let i be ((-345)/6)/((-2)/(-4)). Let m be (48/(-60))/((-2)/i). What is the units digit of -4 + (1 + 1 - m)?
4
Let l(y) = 214*y + 631. What is the hundreds digit of l(13)?
4
Suppose 3*s + 2*c - 6*c + 2 = 0, -3*c + 2 = -2*s. Suppose 0 = -k + s, 4*b - k = k + 44. Suppose b + 98 = 5*u. What is the units digit of u?
2
Suppose 3*f - 6 = u + 5*f, 4*u - 21 = f. Suppose v + 2*y - 38 = -2*v, 2*v + u*y = 20. Suppose 76 = 2*j + v. What is the tens digit of j?
3
Let f(x) = -3*x + 6. Suppose 3*j - 25 = -2*j. Let o be f(j). Let k = 29 + o. What is the tens digit of k?
2
Let d(a) = -4*a + 21. Let v be d(6). What is the tens digit of v*(0 + ((-608)/(-12))/(-2))?
7
Suppose 4*i - 2308 = 4*d, -322 = -i + 5*d + 267. What is the tens digit of i?
7
Let i(y) = -y**2 + 11*y + 26. Let r be i(13). Suppose -h - 2*h + 107 = 5*a, r = 4*a + h - 80. What is the units digit of a?
9
Suppose -v + 1 = 3*r, 5*r = 11 + 9. Let s(q) = 3*q + 64. What is the units digit of s(v)?
1
Let a(d) = d**3 - 7*d**2 - 12*d + 4. Let y be a(9). Suppose -7*q + y = -145. What is the tens digit of q?
2
Let l be -1 - 0 - (2 + (-3 - 2)). Suppose 0 = -5*c + l*c + 597. What is 